{"id":417,"date":"2017-04-09T17:17:41","date_gmt":"2017-04-09T17:17:41","guid":{"rendered":"http:\/\/psy-paris-15.travail-et-sante.fr\/?page_id=417"},"modified":"2021-11-29T12:06:00","modified_gmt":"2021-11-29T12:06:00","slug":"consultation-brainspotting","status":"publish","type":"page","link":"https:\/\/psy-paris-15.travail-et-sante.fr\/?page_id=417","title":{"rendered":"Brainspotting\u00ae"},"content":{"rendered":"\n\n\n<a href=\"_wp_link_placeholder\" data-wplink-edit=\"true\">Th\u00e9rapeutes certifi\u00e9s en Brainspotting\u00ae<\/a>&nbsp;sur le site de l&rsquo;IETSP, site officiel BSP France<p><br><\/p><p>Le Brainspotting\u00ae (BSP) est une m\u00e9thode th\u00e9rapeutique r\u00e9cente d\u00e9couverte par <strong>David GRAND (USA)<\/strong>. Cette m\u00e9thode permet d\u2019identifier, traiter et la lib\u00e9rer des sources neurophysiologiques profondes de souffrances \u00e9motionnelles ou corporelles, de traumatismes, de&nbsp;dissociation, de douleurs&nbsp;et d\u2019autres sympt\u00f4mes r\u00e9sistant \u00e0 d&rsquo;autres m\u00e9thodes th\u00e9rapeutiques. Le brainspotting\u00ae agit de mani\u00e8re particuli\u00e8rement rapide en comparaison des autres m\u00e9thodes.<\/p><p><p><br>&nbsp;\n<h2><strong>En pratique, qu\u2019est-ce que le brainspotting\u00ae&nbsp;et comment se passent les s\u00e9ances ?<\/strong><\/h2><p><strong><br><\/strong><\/p>\nle Brainspotting\u00ae cible le cerveau profond et le corps gr\u00e2ce \u00e0 une stimulation visuelle : il s&rsquo;agit en fonction d&rsquo;une probl\u00e9matique donn\u00e9e d&rsquo;aller rechercher une position oculaire particuli\u00e8re (Brainspot)&nbsp;et&nbsp;li\u00e9e \u00e0 cette probl\u00e9matique et \u00e0 une activation corporelle et \u00e9motionnelle. Le cerveau montre alors au th\u00e9rapeute qu\u2019une zone pertinente a \u00e9t\u00e9 localis\u00e9e par de r\u00e9ponses r\u00e9flexes. Le Brainspot est alors stimul\u00e9 en permettant au patient de maintenir cette position de l\u2019\u0153il afin que soient stimul\u00e9es ses capacit\u00e9s d&rsquo;auto-gu\u00e9rison ou&nbsp;d\u00e9velopper ses ressources.\n\nL\u2019efficacit\u00e9 du Brainspotting\u00ae&nbsp;peut aussi \u00eatre&nbsp;favoris\u00e9e par l\u2019utilisation de CD de sons bilat\u00e9raux.\n\nLe patient est face au th\u00e9rapeute, et est invit\u00e9 \u00e0 regarder le Brainspot et observer en pleine conscience ce qui se passe en lui sur les plans corporels et psychique. Des pens\u00e9es,&nbsp;souvenirs, \u00e9motions, sensations corporelles ou des images&nbsp;vont alors se pr\u00e9senter&nbsp;au patient et lui permettre de contacter des sources de la probl\u00e9matique et des &nbsp;ressources auto-th\u00e9rapeutiques.<\/p><p><br>&nbsp;\n<h2><strong>Dans quel cas peut-on utiliser le Brainspotting\u00ae ?<\/strong><\/h2><p><strong><br><\/strong><\/p>\n<ul>\n \t<li>les<strong> traumatismes<\/strong> psychologiques et physiques<\/li>\n \t<li>les <strong>douleurs<\/strong> y compris les douleurs sexuelles (dyspareunies, vulvodynies), les fibromyalgies et autres e douleurs chroniques<\/li>\n \t<li>les <strong>addiction<\/strong>s et les envies compulsives<\/li>\n \t<li>les <strong>phobies<\/strong><\/li>\n \t<li>les <strong>blocages<\/strong><\/li>\n \t<li>la <strong>fatigue<\/strong><\/li>\n \t<li>les <strong>troubles du sommeil<\/strong><\/li>\n \t<li>la <strong>pr\u00e9paration \u00e0 des \u00e9v\u00e8nements difficiles<\/strong> \u00e0 affronter (op\u00e9ration, proc\u00e8s, trac, etc)<\/li>\n \t<li>l&rsquo;activation des<strong> performances (sportives, artistiques, au travail etc.)<\/strong><\/li>\n \t<li>les <strong>troubles de l\u2019attention<\/strong><\/li>\n \t<li>les prob<strong>l\u00e8mes de perception<\/strong><\/li>\n \t<li>les <strong>\u00e9motions difficiles \u00e0 contr\u00f4ler<\/strong><\/li>\n \t<li>les <strong>attaques de panique<\/strong><\/li>\n \t<li>les difficult\u00e9s sexuelles dont le <strong>vaginisme<\/strong> et l&rsquo;<strong>anorgasmie<\/strong><\/li><li>le <strong>coaching<\/strong><\/li><li>la<strong> pr\u00e9paration mentale<\/strong><\/li><li>la <strong>stimulation de la cr\u00e9ativit\u00e9<\/strong><\/li><li>l&rsquo;<strong>activation de ressources positives<\/strong><\/li>\n<\/ul>\nMa pratique m&rsquo;a enseign\u00e9e aussi que le Brainspotting\u00ae peut avoir une efficacit\u00e9 en cas de :<\/p><p><ul>\n \t<li><strong>Burnout<\/strong><\/li>\n \t<li>sur de nombreuses <strong>probl\u00e9matiques sexuelles<\/strong><\/li>\n \t<li>sur l&rsquo;\u00e9pilepsie<\/li>\n<\/ul>\nPour plus de compr\u00e9hension du processus, si vous comprenez l\u00a0\u00bbanglais, je vous propose de regarder une <strong><a title=\"Video David Grand\" href=\"https:\/\/youtu.be\/lm3Plvaf3UE\" target=\"_blank\" rel=\"noopener\">vid\u00e9o de David GRAND<\/a><\/strong>&nbsp;<\/p><p><br><\/p><p><strong>Des ouvrages de r\u00e9f\u00e9rence<\/strong>\n<ul>\n \t<li><strong>GRAND&nbsp;David, <\/strong><em>\u00ab&nbsp;La th\u00e9rapie brainspotting : Pour vous lib\u00e9rer de vos traumatismes et vos somatisations\u00bb<\/em><strong>, <\/strong>Tr\u00e9daniel, Paris, 2015<\/li>\n<\/ul>\n<\/p><\/p>\n\n\n","protected":false},"excerpt":{"rendered":"","protected":false},"author":1,"featured_media":0,"parent":9,"menu_order":1,"comment_status":"closed","ping_status":"closed","template":"","meta":{"pagelayer_contact_templates":[],"_pagelayer_content":"","footnotes":""},"_links":{"self":[{"href":"https:\/\/psy-paris-15.travail-et-sante.fr\/index.php?rest_route=\/wp\/v2\/pages\/417"}],"collection":[{"href":"https:\/\/psy-paris-15.travail-et-sante.fr\/index.php?rest_route=\/wp\/v2\/pages"}],"about":[{"href":"https:\/\/psy-paris-15.travail-et-sante.fr\/index.php?rest_route=\/wp\/v2\/types\/page"}],"author":[{"embeddable":true,"href":"https:\/\/psy-paris-15.travail-et-sante.fr\/index.php?rest_route=\/wp\/v2\/users\/1"}],"replies":[{"embeddable":true,"href":"https:\/\/psy-paris-15.travail-et-sante.fr\/index.php?rest_route=%2Fwp%2Fv2%2Fcomments&post=417"}],"version-history":[{"count":20,"href":"https:\/\/psy-paris-15.travail-et-sante.fr\/index.php?rest_route=\/wp\/v2\/pages\/417\/revisions"}],"predecessor-version":[{"id":1099,"href":"https:\/\/psy-paris-15.travail-et-sante.fr\/index.php?rest_route=\/wp\/v2\/pages\/417\/revisions\/1099"}],"up":[{"embeddable":true,"href":"https:\/\/psy-paris-15.travail-et-sante.fr\/index.php?rest_route=\/wp\/v2\/pages\/9"}],"wp:attachment":[{"href":"https:\/\/psy-paris-15.travail-et-sante.fr\/index.php?rest_route=%2Fwp%2Fv2%2Fmedia&parent=417"}],"curies":[{"name":"wp","href":"https:\/\/api.w.org\/{rel}","templated":true}]}}