{"id":80,"date":"2014-04-05T18:18:55","date_gmt":"2014-04-05T18:18:55","guid":{"rendered":"http:\/\/psy-paris-15.travail-et-sante.fr\/?page_id=80"},"modified":"2021-11-29T12:15:26","modified_gmt":"2021-11-29T12:15:26","slug":"victimes-de-violences-sexuelles","status":"publish","type":"page","link":"https:\/\/psy-paris-15.travail-et-sante.fr\/?page_id=80","title":{"rendered":"Victimes de violences sexuelles"},"content":{"rendered":"\n\n\nLes violences sexuelles sont souvent pass\u00e9es sous silence de la part des victimes, mais demeurent quelquefois une v\u00e9ritable entrave \u00e0 leur vie affective et sexuelle. Les hommes et les femmes peuvent \u00eatre o\u00f9 avoir \u00e9t\u00e9 concern\u00e9s par ces violences, qui peuvent \u00eatre \u00e0 l&rsquo;origine de traumatismes conscientis\u00e9s ou non.\n\n<a href=\"https:\/\/psy-paris-15.travail-et-sante.fr\/wp-content\/uploads\/2020\/04\/20200304_203508.jpg\"><img decoding=\"async\" loading=\"lazy\" class=\"aligncenter size-medium wp-image-637\" alt=\"20200304_203508\" src=\"https:\/\/psy-paris-15.travail-et-sante.fr\/wp-content\/uploads\/2020\/04\/20200304_203508-300x168.jpg\" width=\"300\" height=\"168\" srcset=\"https:\/\/psy-paris-15.travail-et-sante.fr\/wp-content\/uploads\/2020\/04\/20200304_203508-300x168.jpg 300w, https:\/\/psy-paris-15.travail-et-sante.fr\/wp-content\/uploads\/2020\/04\/20200304_203508-1024x576.jpg 1024w, https:\/\/psy-paris-15.travail-et-sante.fr\/wp-content\/uploads\/2020\/04\/20200304_203508-250x140.jpg 250w\" sizes=\"(max-width: 300px) 100vw, 300px\"><\/a>\n\nQuel que soit votre genre (y compris trans-genre) ou votre orientation sexuelle, parmi ces violences, les raisons de consulter pourront \u00eatre :\n<ul>\n\t<li>un viol subi<\/li>\n\t<li>un inceste subi<\/li>\n\t<li>une agression sexuelle subie<\/li>\n\t<li>une relation qui vous a g\u00ean\u00e9e parce que votre consentement n&rsquo;\u00e9tait pas tout \u00e0 fait \u00ab\u00a0certain\u00a0\u00bb<\/li>\n\t<li>un harc\u00e8lement sexuel subi<\/li>\n\t<li>des violences sexuelles conjugales subies<\/li>\n\t<li>etc.<\/li>\n<\/ul>\nCharg\u00e9e de cours en facult\u00e9 de m\u00e9decine \u00e0 Paris 5, j&rsquo;enseigne la prise en charge de victimes de violences sexuelles en <strong><a title=\"Equipe p\u00e9dagogique Paris 5\" href=\"http:\/\/sexologie-paris5.fr\/enseignants%20DIU%20Sexologie.html\" target=\"_blank\" rel=\"noopener\">DIU de sexologie<\/a><\/strong>\n\nLe type de prise en charge les plus adapt\u00e9es aux traumatismes sont, selon l&rsquo;OMS, les <a title=\"Consultations\" href=\"https:\/\/psy-paris-15.travail-et-sante.fr\/?page_id=9\">TCC<\/a> et l&rsquo;<a title=\"Consultation EMDR\" href=\"https:\/\/psy-paris-15.travail-et-sante.fr\/?page_id=364\">EMDR<\/a>. Le <a title=\"Consultation Brainspotting\" href=\"https:\/\/psy-paris-15.travail-et-sante.fr\/?page_id=417\">brainspotting<\/a> montre \u00e9galement une grande efficacit\u00e9 dans ce type de prise en charge. La prise ad\u00e9quate&nbsp;est orient\u00e9e autour de la d\u00e9sensibilisation des \u00e9v\u00e8nements traumatiques, la r\u00e9activation des ressources individuelles et la reconstruction d&rsquo;un cadre de confort et de s\u00e9curit\u00e9 de la mani\u00e8re la plus br\u00e8ve possible.&nbsp;\n\n\n","protected":false},"excerpt":{"rendered":"","protected":false},"author":1,"featured_media":0,"parent":9,"menu_order":4,"comment_status":"closed","ping_status":"closed","template":"","meta":{"pagelayer_contact_templates":[],"_pagelayer_content":"","footnotes":""},"_links":{"self":[{"href":"https:\/\/psy-paris-15.travail-et-sante.fr\/index.php?rest_route=\/wp\/v2\/pages\/80"}],"collection":[{"href":"https:\/\/psy-paris-15.travail-et-sante.fr\/index.php?rest_route=\/wp\/v2\/pages"}],"about":[{"href":"https:\/\/psy-paris-15.travail-et-sante.fr\/index.php?rest_route=\/wp\/v2\/types\/page"}],"author":[{"embeddable":true,"href":"https:\/\/psy-paris-15.travail-et-sante.fr\/index.php?rest_route=\/wp\/v2\/users\/1"}],"replies":[{"embeddable":true,"href":"https:\/\/psy-paris-15.travail-et-sante.fr\/index.php?rest_route=%2Fwp%2Fv2%2Fcomments&post=80"}],"version-history":[{"count":17,"href":"https:\/\/psy-paris-15.travail-et-sante.fr\/index.php?rest_route=\/wp\/v2\/pages\/80\/revisions"}],"predecessor-version":[{"id":1105,"href":"https:\/\/psy-paris-15.travail-et-sante.fr\/index.php?rest_route=\/wp\/v2\/pages\/80\/revisions\/1105"}],"up":[{"embeddable":true,"href":"https:\/\/psy-paris-15.travail-et-sante.fr\/index.php?rest_route=\/wp\/v2\/pages\/9"}],"wp:attachment":[{"href":"https:\/\/psy-paris-15.travail-et-sante.fr\/index.php?rest_route=%2Fwp%2Fv2%2Fmedia&parent=80"}],"curies":[{"name":"wp","href":"https:\/\/api.w.org\/{rel}","templated":true}]}}